by 481?
6
Calculate the remainder when 393 is divided by 129.
6
Calculate the remainder when 359 is divided by 99.
62
Calculate the remainder when 334 is divided by 5.
4
Calculate the remainder when 58 is divided by 21.
16
What is the remainder when 298 is divided by 30?
28
What is the remainder when 30600 is divided by 303?
300
Calculate the remainder when 60 is divided by 17.
9
What is the remainder when 57 is divided by 8?
1
Calculate the remainder when 303 is divided by 62.
55
Calculate the remainder when 112 is divided by 7.
0
What is the remainder when 299 is divided by 71?
15
Calculate the remainder when 85 is divided by 22.
19
Calculate the remainder when 64 is divided by 37.
27
Calculate the remainder when 277 is divided by 74.
55
Calculate the remainder when 401 is divided by 135.
131
What is the remainder when 383 is divided by 97?
92
Calculate the remainder when 426 is divided by 43.
39
Calculate the remainder when 1141 is divided by 24.
13
What is the remainder when 177 is divided by 18?
15
Calculate the remainder when 334 is divided by 46.
12
Calculate the remainder when 2673 is divided by 333.
9
Calculate the remainder when 505 is divided by 22.
21
Calculate the remainder when 229 is divided by 107.
15
What is the remainder when 1273 is divided by 10?
3
What is the remainder when 1149 is divided by 188?
21
Calculate the remainder when 59 is divided by 3.
2
Calculate the remainder when 222 is divided by 75.
72
What is the remainder when 59 is divided by 35?
24
Calculate the remainder when 239 is divided by 19.
11
Calculate the remainder when 43 is divided by 10.
3
Calculate the remainder when 79 is divided by 30.
19
What is the remainder when 2620 is divided by 297?
244
What is the remainder when 27 is divided by 14?
13
What is the remainder when 583 is divided by 15?
13
What is the remainder when 240 is divided by 61?
57
What is the remainder when 308 is divided by 49?
14
Calculate the remainder when 88 is divided by 19.
12
What is the remainder when 39 is divided by 20?
19
What is the remainder when 2907 is divided by 966?
9
Calculate the remainder when 92 is divided by 26.
14
What is the remainder when 9279 is divided by 442?
439
Calculate the remainder when 146 is divided by 15.
11
What is the remainder when 38 is divided by 5?
3
What is the remainder when 129 is divided by 5?
4
What is the remainder when 383 is divided by 185?
13
What is the remainder when 1270 is divided by 24?
22
Calculate the remainder when 160 is divided by 8.
0
What is the remainder when 73 is divided by 12?
1
What is the remainder when 207 is divided by 4?
3
Calculate the remainder when 1747 is divided by 61.
39
Calculate the remainder when 3190 is divided by 24.
22
What is the remainder when 489 is divided by 163?
0
Calculate the remainder when 374 is divided by 96.
86
What is the remainder when 392 is divided by 31?
20
Calculate the remainder when 815 is divided by 158.
25
What is the remainder when 3477 is divided by 205?
197
What is the remainder when 112 is divided by 20?
12
Calculate the remainder when 235 is divided by 14.
11
Calculate the remainder when 655 is divided by 649.
6
Calculate the remainder when 230 is divided by 58.
56
What is the remainder when 19968 is divided by 21?
18
Calculate the remainder when 5765 is divided by 186.
185
What is the remainder when 3289 is divided by 10?
9
Calculate the remainder when 327 is divided by 100.
27
Calculate the remainder when 20 is divided by 3.
2
What is the remainder when 5244 is divided by 9?
6
Calculate the remainder when 9120 is divided by 1519.
6
What is the remainder when 279 is divided by 246?
33
Calculate the remainder when 38 is divided by 2.
0
What is the remainder when 246 is divided by 42?
36
What is the remainder when 1385 is divided by 22?
21
Calculate the remainder when 2915 is divided by 18.
17
Calculate the remainder when 351 is divided by 28.
15
What is the remainder when 2801 is divided by 556?
21
What is the remainder when 2202 is divided by 170?
162
Calculate the remainder when 98 is divided by 24.
2
What is the remainder when 556 is divided by 178?
22
Calculate the remainder when 792 is divided by 16.
8
Calculate the remainder when 82 is divided by 5.
2
Calculate the remainder when 63 is divided by 63.
0
What is the remainder when 145 is divided by 49?
47
Calculate the remainder when 12225 is divided by 12.
9
What is the remainder when 295 is divided by 73?
3
What is the remainder when 955 is divided by 29?
27
What is the remainder when 644 is divided by 164?
152
What is the remainder when 359 is divided by 40?
39
What is the remainder when 1817 is divided by 906?
5
What is the remainder when 180 is divided by 60?
0
What is the remainder when 18 is divided by 3?
0
What is the remainder when 243 is divided by 46?
13
Calculate the remainder when 56 is divided by 15.
11
Calculate the remainder when 126 is divided by 70.
56
What is the remainder when 65278 is divided by 12?
10
What is the remainder when 1560 is divided by 777?
6
Calculate the remainder when 90 is divided by 50.
40
What is the remainder when 115 is divided by 29?
28
What is the remainder when 630 is divided by 207?
9
Calculate the remainder when 299 is divided by 96.
11
Calculate the remainder when 1221 is divided by 18.
15
Calculate the remainder when 801 is divided by 140.
101
Calculate the remainder when 1736 is divided by 341.
31
What is the remainder when 2441 is divided by 31?
23
What is the remainder when 86 is divided by 24?
14
What is the remainder when 137 is divided by 28?
25
Calculate the remainder when 144 is divided by 35.
4
Calculate the remainder when 1107 is divided by 353.
48
Calculate the remainder when 441 is divided by 148.
145
Calculate the remainder when 356 is divided by 63.
41
Calculate the remainder when 379 is divided by 123.
10
Calculate the remainder when 703 is divided by 23.
13
Calculate the remainder when 152 is divided by 46.
14
What is the remainder when 399 is divided by 82?
71
What is the remainder when 165 is divided by 17?
12
Calculate the remainder when 10907 is divided by 62.
57
Calculate the remainder when 56 is divided by 19.
18
Calculate the remainder when 335 is divided by 173.
162
Calculate the remainder when 951 is divided by 88.
71
Calculate the remainder when 8019 is divided by 2662.
33
What is the remainder when 3304 is divided by 114?
112
What is the remainder when 1166 is divided by 78?
74
What is the remainder when 27 is divided by 10?
7
Calculate the remainder when 292 is divided by 95.
7
What is the remainder when 899 is divided by 30?
29
What is the remainder when 254 is divided by 51?
50
What is the remainder when 3122 is divided by 35?
7
Calculate the remainder when 125 is divided by 35.
20
Calculate the remainder when 2661 is divided by 121.
120
What is the remainder when 1589 is divided by 178?
165
Calculate the remainder when 235 is divided by 45.
10
What is the remainder when 21 is divided by 8?
5
What is the remainder when 21582 is divided by 5?
2
Calculate the remainder when 327 is divided by 66.
63
Calculate the remainder when 260 is divided by 19.
13
Calculate the remainder when 363 is divided by 86.
19
What is the remainder when 1370 is divided by 90?
20
What is the remainder when 119 is divided by 19?
5
Calculate the remainder when 656 is divided by 60.
56
Calculate the remainder when 19579 is divided by 356.
355
What is the remainder when 349 is divided by 8?
5
Calculate the remainder when 122 is divided by 33.
23
What is the remainder when 781 is divided by 87?
85
Calculate the remainder when 543 is divided by 26.
23
Calculate the remainder when 360 is divided by 120.
0
What is the remainder when 85 is divided by 24?
13
Calculate the remainder when 96 is divided by 55.
41
Calculate the remainder when 207 is divided by 135.
72
What is the remainder when 284 is divided by 40?
4
What is the remainder when 206 is divided by 31?
20
What is the remainder when 989 is divided by 288?
125
Calculate the remainder when 30 is divided by 9.
3
What is the remainder when 195 is divided by 61?
12
What is the remainder when 52 is divided by 21?
10
What is the remainder when 6893 is divided by 53?
3
Calculate the remainder when 7209 is divided by 185.
179
Ca